ppose -3*x + 314 = 4*s - 0*s, n*x - 448 = 2*s. What is the tens digit of x?
1
Suppose -3*b = 0, 7*g + 36401 = 2*g + b + 148126. What is the units digit of g?
5
Suppose -2*z = -4*z - 16. Let l be (-506)/z - (20/16 + -2). Let i = l + 41. What is the hundreds digit of i?
1
Let p = 80 + -74. Let s(o) = o - 9*o**3 - 19*o**2 + 19*o**2 + p*o**3 + 1. What is the units digit of s(-1)?
3
What is the units digit of ((-15)/70)/(9/(-1041894))?
7
Suppose -5*u - 2*s = -597, -10*u + 471 = -6*u - 5*s. Let b be 4/(-34) + 14/u. Suppose b = -3*x + 573 - 18. What is the hundreds digit of x?
1
Suppose 0 = 5*o - u - 29667, 143*u + 17808 = 3*o + 145*u. What is the units digit of o?
4
Let t(n) = -8*n + 2. Let u = -94 - -118. Suppose 0 = 3*v - 2*b - b + u, -v - 2 = -3*b. What is the tens digit of t(v)?
9
Let r be 4/(((-45)/(-100))/9). Let p = 149 - r. Let z = p - 8. What is the units digit of z?
1
Let y = -2412 - -5950. What is the thousands digit of y?
3
Suppose 9*i + p + 45 = 10*i, 0 = -3*i - 2*p + 150. Suppose i*o + 3052 = 52*o. What is the units digit of o?
3
Suppose 47*p + a = 44*p + 144362, 3*p + 5*a = 144346. What is the hundreds digit of p?
1
Suppose 260 = -45*b - 7*b. What is the thousands digit of 28/(-140) + (-7241)/b?
1
Suppose -74014 = -2*j - 6*q + 3*q, 5*q = -j + 37035. What is the tens digit of j?
9
Let z(u) = 93*u + 1. Let q be z(1). Let a = -26 + q. What is the units digit of 64 + 5*(3 - a/20)?
2
Let g(i) = 6*i - 3. Let s be g(-3). Suppose -2*q - 2 = 0, 9*o - 13*o - 3*q = -417. Let l = s + o. What is the units digit of l?
4
Let h be 15 + (6 - 6) - 1*2. Let m be -4*(5 - -39*(-16)/12). Let c = h + m. What is the units digit of c?
1
Let f = 2560 + 26517. What is the thousands digit of f?
9
Let n = -47 + 52. Suppose 1014 = 4*q + n*r - 1306, -2*q - r + 1154 = 0. What is the hundreds digit of q?
5
Suppose 0*z + 2 = z + 2*q, -z = -2*q - 6. Suppose 3*n + z*j - 82 = n, 3*j - 15 = 0. What is the tens digit of n?
3
Let n = 31673 - -45062. What is the thousands digit of n?
6
Let a = -271 + 514. Suppose -2*u + o + 201 = 40, -2*o - a = -3*u. What is the units digit of u?
9
Let r(p) = -p**3 - 8*p**2 + 8*p - 4. Let j be r(-9). Suppose -3*c - 385 = -2*c + 5*a, 3*c + j*a + 1205 = 0. Let u = 611 + c. What is the hundreds digit of u?
2
Let v(z) = 9*z - 54. Let s(o) = -o**3 + 31*o**2 - 58*o + 28. Let n be s(29). What is the hundreds digit of v(n)?
1
What is the thousands digit of (1070/8)/(81/3888)?
6
Let l(n) = n**3 - 15*n**2 + 17. Let k(f) = 7*f - 6. Let o be k(3). Let h be l(o). Suppose -73 = -5*a + h. What is the units digit of a?
8
Let a be (-1)/1 + (-6 - -9). Let n be 2/((-42)/28 - (-2)/1). Suppose -6*m + 3*m + 271 = n*v, 2*v = a*m - 204. What is the units digit of m?
7
Suppose -11 = -2*y - 13, -5*q + 4176 = 4*y. Suppose 4*u - q = -2*a, -2*u = a + 2*u - 410. What is the hundreds digit of a?
4
Suppose 4*a + 7*x = 12*x + 20, a + 3*x = -12. Suppose 3*p = -3*j + 3465, 3*p + a*p + 4655 = 4*j. What is the thousands digit of j?
1
Suppose 112 = 3*w + x + 29, 0 = -w - x + 27. What is the units digit of w/(-5)*(-51 + -29)?
8
Suppose -9*p = 58 - 4. What is the tens digit of -331*(p - (1 + -6))?
3
Suppose 0 = c - 4*o - 139, 5*c - o - 556 = c. Suppose 3*k = 5*p - 183, -5*k = -0*k - 4*p + 292. Let l = c + k. What is the tens digit of l?
8
Suppose -1450*z = -1459*z + 58626. What is the tens digit of z?
1
Let d(r) = 2*r**3 + 11*r**2 - 5*r - 9. Let j be d(4). Suppose -t - 14 + 290 = -3*h, -t + 2*h + j = 0. What is the tens digit of t?
7
Let o(b) = b**2 + 5*b + 26. Suppose 0 = 2*i - 0*i - 14. Let a = i + -2. What is the units digit of o(a)?
6
What is the units digit of ((-234)/(-6))/(-15 + 9 + 15516/2584)?
8
Let x(l) = -17*l + 338. What is the tens digit of x(-33)?
9
Suppose 164276 = 50*s - 153374. What is the units digit of s?
3
Let j be -1 + 4 + (-3)/(4 + -1). Let v be (-938)/(-4) + j + (-1)/2. Let m = v + -70. What is the tens digit of m?
6
Suppose -3*j + y = -y + 12, 4*j + 17 = 3*y. Let i be -140 - (-4 - j - -6). What is the units digit of (-1 + 3/9)/(12/i)?
8
Let b(l) = -l**3 - 21*l**2 + 69*l - 7. What is the tens digit of b(-25)?
6
Suppose 0 = 422*v - 421*v - 4*h - 44525, -v + 44557 = 4*h. What is the ten thousands digit of v?
4
Suppose 0 = 2*p + 2*p - 120. Suppose -p*b + 24*b + 1668 = 0. What is the hundreds digit of b?
2
Let b be (-1 + 3 + 0 - 4)*-3. Suppose 0 = 2*v - b*v + 80. Let q = 18 + v. What is the units digit of q?
8
Let f(a) = 4*a**2 - 86*a - 2. Let w(i) = -i**2 - 18*i + 89. Let r be w(-21). What is the units digit of f(r)?
6
Suppose -12*w - 147314 = -36*w + 121678. What is the ten thousands digit of w?
1
Let z be 42/9*(-11)/(44/(-2760)). Suppose 74*v = 79*v - z. Suppose -8*q = -q - v. What is the units digit of q?
2
Suppose -4*u = -5*q + 7250, 0 = -3*q + 4*u + 506 + 3844. Suppose 3*b = -3*w - 2*b + 2175, -b = 2*w - q. What is the hundreds digit of w?
7
Let l(q) be the second derivative of q**5/40 + 3*q**4/8 - 5*q**3/6 + 9*q. Let p(i) be the second derivative of l(i). What is the units digit of p(9)?
6
Let h be ((-21805)/49)/(2 + -1). Let c = h + 1287. What is the tens digit of c?
4
What is the tens digit of (-645)/(-430)*1*23678?
1
Suppose 4*y - 252874 = 3*c, -7*c = -5*y - 3*c + 316092. What is the hundreds digit of y?
2
Let d(b) be the second derivative of -b + 0 + 1/4*b**4 + b**2 - 1/3*b**3. What is the units digit of d(2)?
0
Suppose -15*g = -8*g + 385. Let l = 65 + g. What is the units digit of 395/l - (-3)/(-2)?
8
Suppose 6685854 + 5938160 = 306*x + 3664640. What is the ten thousands digit of x?
2
Let m(g) be the second derivative of g**7/360 - g**5/30 + 5*g**4/4 + 3*g. Let t(h) be the third derivative of m(h). What is the units digit of t(3)?
9
Let o = 8153 - -9239. What is the ten thousands digit of o?
1
Let n(r) = r**3 + 108*r**2 - 161*r + 245. What is the hundreds digit of n(-109)?
9
Suppose 22*b - 21*b = -3*m + 32, 2*m - 43 = -5*b. What is the tens digit of -42*(0 - (m - 1))?
3
Suppose 4*b + y + 6605 = 0, 0 = 4*b + 2*y - 3*y + 6595. Let v = -237 - b. What is the hundreds digit of v?
4
Let a(t) = -t**3 + 25*t**2 - 49*t + 29. Let w be a(23). Let v = -10 - w. What is the units digit of v?
0
Let h(f) = -2*f**3 - 5*f**2 + 28. Let s = 226 + -233. What is the hundreds digit of h(s)?
4
What is the tens digit of -6*1/((-4)/10202)?
0
Suppose -102*h + 104*h - 11146 = 0. What is the hundreds digit of h?
5
Let c(t) = t**3 + 7*t**2 + 11*t - 5. Let f be c(-4). What is the hundreds digit of (3 - f - (17 - 195)) + 2?
1
Let o = 8116 - 8157. Suppose -4*j - 4*t = 564, 1 = -3*t + 4. Let k = o - j. What is the units digit of k?
1
Suppose 109*b = 119*b - 5820. Let f = b + -212. What is the tens digit of f?
7
Let k be ((-124)/(-93))/(4/210). What is the hundreds digit of (-519)/((12/(-14))/(20/k))?
1
Let g be 10/(-45) - (-372)/(-27). Let i(p) = p + 26. Let r be i(g). What is the units digit of 322/8 - (-1)/r*-3?
0
Suppose -238 = o - 4*f - 1115, -5*f = 10. What is the units digit of o?
9
Let j = -169 + 183. Suppose 0 = -12*p + j*p - 554. What is the tens digit of p?
7
Let h(i) be the first derivative of -34 - 9/2*i**2 - 12*i. What is the tens digit of h(-17)?
4
Let o(h) = 38*h**2 - 26*h - 1653. What is the tens digit of o(-46)?
5
Suppose 0 = 780*r - 813*r + 35607. What is the hundreds digit of r?
0
Let f(u) = -1795*u. Let n be f(-6). Suppose -16*l + n + 2094 = 0. Suppose 5*t = 2*t + l. What is the units digit of t?
8
Let t = 8698 - -2792. What is the hundreds digit of t?
4
Suppose 0 = -j - 2*i + 1579, 3*j - 3*i = -0*j + 4710. Suppose 18*t - 14*t - o = j, 4*t + o = 1571. What is the units digit of t?
3
Suppose -111334 = -15*f + 89936. What is the ten thousands digit of f?
1
Let x(p) = 2*p**2 + 5*p - 8. Let t be 3/(-4) - (-210)/24. Let l be ((-10)/(-4))/(t/16). What is the units digit of x(l)?
7
What is the hundreds digit of 3202540/420 - (-5 + (-428)/(-84))?
6
What is the thousands digit of (1 - 18/(-36))/(3/(-7866)*-3)?
1
Suppose 73*o - 220*o + 1276367 = 105659. What is the thousands digit of o?
7
Let o(n) = n**3 - 29*n**2 + 102*n - 50. Let g be o(25). Let x(a) = -15*a + 200. What is the hundreds digit of x(g)?
2
Let r be (-302)/(-19) - -5*18/855. Suppose -2932 - 844 = -r*b. What is the hundreds digit of b?
2
Suppose -28*a = 3*l - 33*a - 68543, l - 3*a = 22849. What is the hund